{"id":6327,"date":"2020-06-04T08:35:29","date_gmt":"2020-06-04T06:35:29","guid":{"rendered":"http:\/\/muzeumpamieci.umk.pl\/?page_id=6327"},"modified":"2021-12-12T12:59:49","modified_gmt":"2021-12-12T11:59:49","slug":"mc-eric-langloisau-dela-de-levolution-technologique-reflexion-museologique-pour-des-cyberexpositions-consequentes-et-particularisees","status":"publish","type":"page","link":"https:\/\/muzeumpamieci.umk.pl\/?page_id=6327","title":{"rendered":"MC: Eric Langlois | Au-del\u00e0 de l\u2019\u00e9volution technologique : r\u00e9flexion mus\u00e9ologique pour des cyberexpositions cons\u00e9quentes et particularis\u00e9es"},"content":{"rendered":"\n<p class=\"has-cyan-bluish-gray-background-color has-background\">w budowie<\/p>\n","protected":false},"excerpt":{"rendered":"<p>w budowie<\/p>\n","protected":false},"author":5,"featured_media":9214,"parent":6314,"menu_order":0,"comment_status":"closed","ping_status":"closed","template":"","meta":{"footnotes":""},"class_list":["post-6327","page","type-page","status-publish","has-post-thumbnail","hentry"],"aioseo_notices":[],"_links":{"self":[{"href":"https:\/\/muzeumpamieci.umk.pl\/index.php?rest_route=\/wp\/v2\/pages\/6327","targetHints":{"allow":["GET"]}}],"collection":[{"href":"https:\/\/muzeumpamieci.umk.pl\/index.php?rest_route=\/wp\/v2\/pages"}],"about":[{"href":"https:\/\/muzeumpamieci.umk.pl\/index.php?rest_route=\/wp\/v2\/types\/page"}],"author":[{"embeddable":true,"href":"https:\/\/muzeumpamieci.umk.pl\/index.php?rest_route=\/wp\/v2\/users\/5"}],"replies":[{"embeddable":true,"href":"https:\/\/muzeumpamieci.umk.pl\/index.php?rest_route=%2Fwp%2Fv2%2Fcomments&post=6327"}],"version-history":[{"count":3,"href":"https:\/\/muzeumpamieci.umk.pl\/index.php?rest_route=\/wp\/v2\/pages\/6327\/revisions"}],"predecessor-version":[{"id":8242,"href":"https:\/\/muzeumpamieci.umk.pl\/index.php?rest_route=\/wp\/v2\/pages\/6327\/revisions\/8242"}],"up":[{"embeddable":true,"href":"https:\/\/muzeumpamieci.umk.pl\/index.php?rest_route=\/wp\/v2\/pages\/6314"}],"wp:featuredmedia":[{"embeddable":true,"href":"https:\/\/muzeumpamieci.umk.pl\/index.php?rest_route=\/wp\/v2\/media\/9214"}],"wp:attachment":[{"href":"https:\/\/muzeumpamieci.umk.pl\/index.php?rest_route=%2Fwp%2Fv2%2Fmedia&parent=6327"}],"curies":[{"name":"wp","href":"https:\/\/api.w.org\/{rel}","templated":true}]}}