{"id":5906,"date":"2019-03-09T19:11:00","date_gmt":"2019-03-09T18:11:00","guid":{"rendered":"http:\/\/muzeumpamieci.umk.pl\/?page_id=5906"},"modified":"2021-12-11T15:02:46","modified_gmt":"2021-12-11T14:02:46","slug":"materialy-archiwalne","status":"publish","type":"page","link":"https:\/\/muzeumpamieci.umk.pl\/?page_id=5906","title":{"rendered":"MATERIA\u0141Y ARCHIWALNE"},"content":{"rendered":"\n<hr class=\"wp-block-separator\"\/>\n\n\n<p>Zespo\u0142y archiwalne obj\u0119te opracowaniem:<\/p>\n<p><span style=\"font-weight: 400;\"><strong>Archiwum Pa\u0144stwowe w Gda\u0144sku<\/strong> <\/span><\/p>\n<ol>\n<li><span style=\"font-weight: 400;\">pozyskano skany jednostki archiwalnych:<\/span>\n<ul>\n<li><i><span style=\"font-weight: 400;\">Zwi\u0105zek Sztuki w Gda\u0144sku <\/span><\/i><span style=\"font-weight: 400;\">(sygnatura APG: 361\/160 s. 1-3; 361\/237 s. 35; nr 10\/1384\/0 &#8211; <\/span><i><span style=\"font-weight: 400;\">Muzeum Miejskie w Gda\u0144sku (1881-1945) [Stadtmuseum Danzig]<\/span><\/i><span style=\"font-weight: 400;\"> 72\/72;\u00a0 <\/span><\/li>\n<li><span style=\"font-weight: 400;\">Zesp\u00f3\u0142: 10\/2291\/0 <\/span><i><span style=\"font-weight: 400;\">Materia\u0142y Leona Jana \u0141uki<\/span><\/i><span style=\"font-weight: 400;\"> \u00bb 10\/2291\/0\/100, 199 &#8211; <\/span><i><span style=\"font-weight: 400;\">Muzeum Pomorskie w Gda\u0144sku<\/span><\/i><span style=\"font-weight: 400;\">; <\/span><\/li>\n<li><span style=\"font-weight: 400;\">Zesp\u00f3\u0142: 10\/508\/0 <\/span><i><span style=\"font-weight: 400;\">Akta miasta Malborka; Muzeum miejskie (opis wykopalisk, korespondencja) (XIII-XX w.)<\/span><\/i><span style=\"font-weight: 400;\">.; <\/span><\/li>\n<li><span style=\"font-weight: 400;\">Zesp\u00f3\u0142: 10\/260\/0 S<\/span><i><span style=\"font-weight: 400;\">enat Wolnego Miasta Gda\u0144ska, Archiwum Pa\u0144stwowe w Gda\u0144sku, biblioteki, muzea, fundacje, stowarzyszenia 1920-1939<\/span><\/i><span style=\"font-weight: 400;\">, sygn. 2858-2934, 3602; <\/span><\/li>\n<li><span style=\"font-weight: 400;\">Zesp\u00f3\u0142: 10\/1155\/0 <\/span><i><span style=\"font-weight: 400;\">Kolekcja przezroczy<\/span><\/i><span style=\"font-weight: 400;\"> \u00bb 10\/1155\/0\/61\u00a0 &#8211;<\/span><i><span style=\"font-weight: 400;\"> Oliwa. Muzeum. (1923-1944)<\/span><\/i><span style=\"font-weight: 400;\">; <\/span><\/li>\n<\/ul>\n<\/li>\n<\/ol>\n<p><span style=\"font-weight: 400;\"><strong>Archiwum Narodowego w Krakowie<\/strong><\/span><\/p>\n<ol>\n<li><span style=\"font-weight: 400;\">reprodukcje cyfrowe z zespo\u0142\u00f3w: <\/span>\n<ul>\n<li><span style=\"font-weight: 400;\">Zbi\u00f3r ikonograficzny Jana Augustyna, <\/span><\/li>\n<li><span style=\"font-weight: 400;\">Zbi\u00f3r afiszy i plakat\u00f3w, <\/span><\/li>\n<li><span style=\"font-weight: 400;\">Zbi\u00f3r fotograficzny, <\/span><\/li>\n<li><span style=\"font-weight: 400;\">Muzeum Przemys\u0142u Artystycznego w Krakowie<\/span><\/li>\n<\/ul>\n<\/li>\n<li>Zespo\u0142y:\n<ul>\n<li><span style=\"font-weight: 400;\">oraz<\/span><span style=\"font-weight: 400;\"> Zesp\u00f3\u0142: 29\/539\/0 <\/span><i><span style=\"font-weight: 400;\">Muzeum Narodowe w Krakowie; <\/span><\/i><span style=\"font-weight: 400;\">29\/539\/0\/-\/1 &#8211; <\/span><i><span style=\"font-weight: 400;\">Akta Magistratu Krakowskiego dot. Muzeum Narodowego w Krakowie, 1883-1902<\/span><\/i><span style=\"font-weight: 400;\">; <\/span><\/li>\n<li><span style=\"font-weight: 400;\">Zesp\u00f3\u0142: 29\/530\/0 <\/span><i><span style=\"font-weight: 400;\">Naczelny Komitet Narodowy, Muzeum, 409 &#8211; Materia\u0142y organizacyjne. Sprawozdania. Odezwy<\/span><\/i><span style=\"font-weight: 400;\">. 1914-1917 <\/span><\/li>\n<li><span style=\"font-weight: 400;\">Zesp\u00f3\u0142: 29\/540\/0 <\/span><i><span style=\"font-weight: 400;\">Muzeum Przemys\u0142u Artystycznego w Krakowie, 1868-1952<\/span><\/i><span style=\"font-weight: 400;\">; <\/span><\/li>\n<li><span style=\"font-weight: 400;\">Zesp\u00f3\u0142: 29\/563\/0 <\/span><i><span style=\"font-weight: 400;\">Komitety i organizacje spo\u0142eczne ochrony zabytk\u00f3w w Krakowie &#8211; zbi\u00f3r szcz\u0105tk\u00f3w zespo\u0142\u00f3w<\/span><\/i><span style=\"font-weight: 400;\">, 29\/563\/0\/-\/20 <\/span><i><span style=\"font-weight: 400;\">Muzeum Legion\u00f3w w Krakowie. Akta do muzeum Legion\u00f3w w Archiwum Akt\u00f3w Dawnych miasta Krakow<\/span><\/i><span style=\"font-weight: 400;\">a; <\/span><\/li>\n<li><span style=\"font-weight: 400;\">Zesp\u00f3\u0142: 29\/494\/0 V<\/span><i><span style=\"font-weight: 400;\">aria szkolne &#8211; zbi\u00f3r szcz\u0105tk\u00f3w zespo\u0142\u00f3w 1790-1966<\/span><\/i><span style=\"font-weight: 400;\"> 12. <\/span><i><span style=\"font-weight: 400;\">Muzeum Szkolne we Lwowie (programy kurs\u00f3w Uniwersytetu Ludowego) 1903-1912<\/span><\/i><span style=\"font-weight: 400;\"> (sygn. IT 1645); <\/span><\/li>\n<li><span style=\"font-weight: 400;\">Zesp\u00f3\u0142: 29\/665\/0 <\/span><i><span style=\"font-weight: 400;\">Zbi\u00f3r afiszy i plakat\u00f3w<\/span><\/i><span style=\"font-weight: 400;\">; <\/span><\/li>\n<li><span style=\"font-weight: 400;\">Zesp\u00f3\u0142: 29\/670\/0 <\/span><i><span style=\"font-weight: 400;\">Zbi\u00f3r fotograficzny<\/span><\/i><span style=\"font-weight: 400;\">; <\/span><\/li>\n<li><span style=\"font-weight: 400;\">Zesp\u00f3\u0142: 29\/678\/0 Zbi\u00f3r Zygmunta Glogera (29\/678\/0\/7\/672 <\/span><i><span style=\"font-weight: 400;\">Muzeum Kopernika w Rzymie &#8211; zakupy, uzupe\u0142nienia zbior\u00f3w, korespondencja<\/span><\/i> <i><span style=\"font-weight: 400;\">1873-1880<\/span><\/i><span style=\"font-weight: 400;\">; <\/span><\/li>\n<\/ul>\n<\/li>\n<\/ol>\n<p><span style=\"font-weight: 400;\"><strong>Archiwum Pa\u0144stwowe w Katowicach<\/strong> <\/span><\/p>\n<ul>\n<li><span style=\"font-weight: 400;\">pozyskano: <\/span>\n<ul>\n<li><span style=\"font-weight: 400;\">12\/185\/0\/8.4\/183 <\/span><i><span style=\"font-weight: 400;\">Muzeum Miejskie w Gliwicach;<\/span><\/i><span style=\"font-weight: 400;\"> 12\/185\/0\/8.4\/181 <\/span><i><span style=\"font-weight: 400;\">Muzeum Miejskie w Cieszynie<\/span><\/i><span style=\"font-weight: 400;\"> 1945; <\/span><\/li>\n<li><span style=\"font-weight: 400;\">Zesp\u00f3\u0142: 12\/83\/0\/73 <\/span><i><span style=\"font-weight: 400;\">Akta gminy \u015awi\u0119toch\u0142owice, Sprawy kulturalne Muzeum 1918-1937;<\/span><\/i><span style=\"font-weight: 400;\"> 12\/645\/0 <\/span><i><span style=\"font-weight: 400;\">Akta miasta Bytomia 1412-1580, 1742-1945 sprawozdania, opieka socjalna, szkolnictwo, o\u015bwiata pozaszkolna, muzeum, biblioteka, archiwum z lat 1742-1945<\/span><\/i><span style=\"font-weight: 400;\">; <\/span><\/li>\n<li><span style=\"font-weight: 400;\">Zesp\u00f3\u0142: 12\/650\/0 <\/span><i><span style=\"font-weight: 400;\">Zbi\u00f3r dokument\u00f3w by\u0142ego Archiwum Miejskiego miasta Bytomia 1477-1951 Muzeum miejskie; <\/span><\/i><span style=\"font-weight: 400;\">12\/908\/0\/3.11\/5238 Biblioteka. Projekt dach\u00f3w holu i muzeum. 1905.<\/span><\/li>\n<\/ul>\n<\/li>\n<\/ul>\n\n\n<p> <\/p>\n\n\n\n<hr class=\"wp-block-separator\"\/>\n","protected":false},"excerpt":{"rendered":"<p>Zespo\u0142y archiwalne obj\u0119te opracowaniem: Archiwum Pa\u0144stwowe w Gda\u0144sku pozyskano skany jednostki archiwalnych: Zwi\u0105zek Sztuki w Gda\u0144sku (sygnatura APG: 361\/160 s. 1-3; 361\/237 s. 35; nr 10\/1384\/0 &#8211; Muzeum Miejskie w Gda\u0144sku (1881-1945) [Stadtmuseum Danzig] 72\/72;\u00a0 Zesp\u00f3\u0142: 10\/2291\/0 Materia\u0142y Leona Jana \u0141uki \u00bb 10\/2291\/0\/100, 199 &#8211; Muzeum Pomorskie w Gda\u0144sku; Zesp\u00f3\u0142: 10\/508\/0 Akta miasta Malborka; Muzeum&hellip; <\/p>\n","protected":false},"author":1,"featured_media":0,"parent":70,"menu_order":0,"comment_status":"closed","ping_status":"closed","template":"","meta":{"footnotes":""},"class_list":["post-5906","page","type-page","status-publish","hentry"],"aioseo_notices":[],"_links":{"self":[{"href":"https:\/\/muzeumpamieci.umk.pl\/index.php?rest_route=\/wp\/v2\/pages\/5906","targetHints":{"allow":["GET"]}}],"collection":[{"href":"https:\/\/muzeumpamieci.umk.pl\/index.php?rest_route=\/wp\/v2\/pages"}],"about":[{"href":"https:\/\/muzeumpamieci.umk.pl\/index.php?rest_route=\/wp\/v2\/types\/page"}],"author":[{"embeddable":true,"href":"https:\/\/muzeumpamieci.umk.pl\/index.php?rest_route=\/wp\/v2\/users\/1"}],"replies":[{"embeddable":true,"href":"https:\/\/muzeumpamieci.umk.pl\/index.php?rest_route=%2Fwp%2Fv2%2Fcomments&post=5906"}],"version-history":[{"count":3,"href":"https:\/\/muzeumpamieci.umk.pl\/index.php?rest_route=\/wp\/v2\/pages\/5906\/revisions"}],"predecessor-version":[{"id":9089,"href":"https:\/\/muzeumpamieci.umk.pl\/index.php?rest_route=\/wp\/v2\/pages\/5906\/revisions\/9089"}],"up":[{"embeddable":true,"href":"https:\/\/muzeumpamieci.umk.pl\/index.php?rest_route=\/wp\/v2\/pages\/70"}],"wp:attachment":[{"href":"https:\/\/muzeumpamieci.umk.pl\/index.php?rest_route=%2Fwp%2Fv2%2Fmedia&parent=5906"}],"curies":[{"name":"wp","href":"https:\/\/api.w.org\/{rel}","templated":true}]}}