{"id":5903,"date":"2020-03-09T19:10:28","date_gmt":"2020-03-09T18:10:28","guid":{"rendered":"http:\/\/muzeumpamieci.umk.pl\/?page_id=5903"},"modified":"2020-06-04T15:13:23","modified_gmt":"2020-06-04T13:13:23","slug":"materialy-zrodlowe","status":"publish","type":"page","link":"https:\/\/muzeumpamieci.umk.pl\/?page_id=5903","title":{"rendered":"MATERIA\u0141Y \u0179R\u00d3D\u0141OWE"},"content":{"rendered":"\n<hr class=\"wp-block-separator\"\/>\n\n\n\n<p>Banzemer J., <em>Jaki jest cel za\u0142o\u017cenia Muzeum Przemys\u0142owo rolniczego w Warszawie<\/em>, \u201cTygodnik Illustrowany\u201d 1876, nr 9 s. 136-137<br>Banzemer J., <em>Wystawa przemys\u0142owa w pa\u0142acu Br\u00fchlowskim<\/em>, \u201eTygodnik Illustrowany\u201d 1881, nr 280, s. 299-302<br>B\u0105kowski K., Zamek krakowski: przewodnik do zwiedzania z dodatkiem wspomnie\u0144 historycznych z planami i ilustracjami, Krak\u00f3w 1905<br>Benis A., Muzeum Przemys\u0142owe w Krakowie, Krak\u00f3w 1905<br>Bie\u0144kowski A., Muzeum Dzieduszy\u0144skich we Lwowie i jego tw\u00f3rca, \u201eTygodnik Illustrowany\u201d 1900, nr 12, s. 230-234<br>Blank A., Spis obraz\u00f3w znajduj\u0105cych si\u0119 w Galeryi i Pokojach Pa\u0142acu Willanowskiego\u2026 w\u0142asno\u015b\u0107 hr. Aleksandra Potockiego, Warszawa 1834<br>Blank A., Katalog galeryi obraz\u00f3w s\u0142awnych mistrz\u00f3w z r\u00f3\u017cnych szk\u00f3\u0142 zebranych przez \u015bp. Micha\u0142a Radziwi\u0142\u0142a wojewod\u0119 wile\u0144skiego, teraz Kr\u00f3likarni pod Warszaw\u0105 wystawionych, u\u0142o\u017cony i spisany w 1835 roku przez Antoniego Blanka Profesora malarstwa b. Uniwersytetu warszawskiego, Warszawa 1835<br>Broniewski K., Zbiory rysunkowe Towarzystwa Zach\u0119ty Sztuk pi\u0119knych w warszawie. Zbi\u00f3r\u00a0 rysunk\u00f3w i akwarel Jana Blocha, \u201eSztuka\u201d 1904, nr 2, s.57-72; nr 4 s. 203-205<br>Chwalewnik E., Zbiory polskie. Archiwa biblioteki, gabinety, galerie, muzea i inne zbiory pami\u0105tek z przesz\u0142o\u015bci w ojczy\u017anie w porz\u0105dku alfabetycznym wed\u0142ug miejscowo\u015bci u\u0142o\u017cone, t. I-II, Warszawa-Krak\u00f3w 1926-1927<br>Chodynicki K., Pogl\u0105dy na zadania historii w Polsce w epoce Stanis\u0142awa Augusta, Warszawa 1915<br>Czajewski W., Ilustrowany przewodnik po Warszawie i okolicach, Wilan\u00f3w, Czerniak\u00f3w, Morysin, Gucin, Natolin wraz ze szczeg\u00f3\u0142owym spisem 1000 obraz\u00f3w z Galeryi Willanowskiej, Warszawa 1893\u00a0<br>Danielewicz M., Filiciak M., Halawa M., Mazurek P., Nowotny A., M\u0142odzi i media. Nowe media a uczestnictwo w kulturze, Warszawa 2010<br>D\u0119bnicki L, Pu\u0142awy (1762-1830). Monografia z \u017cycia towarzyskiego, politycznego i literackiego na podstawie archiwum ks. Czartoryskich w Krakowie, t. I-IV, Krak\u00f3w 1887-1888<br>Dzieduszycki W., Przewodnik po Muzeum im. Dzieduszyckich we Lwowie, Lw\u00f3w 1895<br>Gadon L., Z \u017cycia Polak\u00f3w we Francyi. Rzut okiem na 50-letnie koleje Towarzystwa Historyczno-Literackiego w Pary\u017cu 1832-1882, Pary\u017c 1883<br>Gumowski M., Muzeum Wielkopolskie w Poznaniu, Krak\u00f3w 1924<br>Ilustrowany katalog obraz\u00f3w i rze\u017ab w. XIX i XX Muzeum Narodowego w Krakowie, Krak\u00f3w 1930<br>Kalinka W., Zbiory staro\u017cytno\u015bci polskich w Pary\u017cu, \u201ePrzegl\u0105d Pozna\u0144ski\u201d 1852, nr 5, s. 3-37<br>Katalog wystawy pami\u0105tkowej ksi\u0119cia J\u00f3zefa Poniatowskiego w setn\u0105 rocznic\u0119 zgonu [\u2026] w Pa\u0142acu Sztuk Pi\u0119knych, Krak\u00f3w 1913<br>Kopera F., Dzieje skarbca koronnego czyli insygni\u00f3w i klejnot\u00f3w koronnych Polski, Krak\u00f3w 1904\u00a0<br>Kopera F., Sprawozdanie o stanie Muzeum Narodowego w Rapperswilu na podstawie bada\u0144 na miejscu w sierpniu 1911 roku dokonanych z polecenia Rady Miasta Krakowa, Krak\u00f3w 1911<br>Lanckoro\u0144ski K., Galerya miejska we Lwowie (ankieta), \u201eLamus\u201d 1909, z. 2, s. 225-229<br>Lorentowicz J., Muzeum czy skarbnica pami\u0105tek, \u201eTygodnik Illustrowany\u201d 1911, nr 37, s. 724<br>Mniszech M., My\u015bli wzgl\u0119dem za\u0142o\u017cenia Musaeum Polonicum, [w]: Suchodolski B., Nauka polska w okresie o\u015bwiecenia, Warszawa 1953, s. 317-333<br>Muzeum Narodowe w Rapperswillu, Krak\u00f3w 1906<br>Mycielski J., Galeria obraz\u00f3w przy Muzeum Ks. Czartoryskich w Krakowie, Krak\u00f3w 1893<br>Nieczuja-Ziemi\u0119cki T., Muzeum Narodowe w Krakowie, Krak\u00f3w 1878<br>Nieczuja-Ziemi\u0119cki T., Wystawa historyczna wiede\u0144ska w zestawieniu z wystaw\u0105 zabytk\u00f3w z czas\u00f3w Jana III i jego wieku w Krakowie, Krak\u00f3w 1884<br>Pagaczewski J., Muzeum Narodowe w dwudziest\u0105 rocznic\u0119 otwarcia, Krak\u00f3w 1904<br>Pawlikowski M., Muzeum ksi\u0105\u017c\u0105t Lubomirskich we Lwowie, \u201eTygodnik Illustrowany\u201d 1921, nr 52, s. 826-828<br>Przewodnik po muzeum Dzieduszyckich, Lw\u00f3w 1907<br>Przewodnik po Muzeum im. Hr. Emeryka Hutten-Czapskiego w Krakowie, Krak\u00f3w 1908<br>Przewodnik po Muzeum Narodowym w Krakowie, Krak\u00f3w 1912<br>Siemie\u0144ski L., Wystawa staro\u017cytno\u015bci w Krakowie, \u201eCzas\u201d 1858, nr 208, s. 1-2<br>Skimborowicz H., Gerson W., Wilan\u00f3w. Album. Zbi\u00f3r widok\u00f3w I pami\u0105tek oraz kopie z obraz\u00f3w Galeryi Wilanowskiej\u2026, Warszawa 1877<br>Soko\u0142owski M., Muzeum XX. Czartoryskich w Krakowie, Lw\u00f3w 1892<br>Sprawa raperswilska, Krak\u00f3w 1911<br>Szukiewicz M., Dzieje, rozw\u00f3j i przysz\u0142o\u015b\u0107 Muzeum Narodowego w Krakowie, Krak\u00f3w 1909<br>Treter M., Muzea wsp\u00f3\u0142czesne. Studium muzeologiczne. Pocz\u0105tki, rodzaje, istota i organizacja muze\u00f3w. Publiczne zbiory muzealne w Polsce i przysz\u0142y ich rozw\u00f3j, Kij\u00f3w: Nak\u0142. Red. \u201eMuzeum Polskiego\u201d<\/p>\n\n\n\n<hr class=\"wp-block-separator\"\/>\n","protected":false},"excerpt":{"rendered":"<p>Banzemer J., Jaki jest cel za\u0142o\u017cenia Muzeum Przemys\u0142owo rolniczego w Warszawie, \u201cTygodnik Illustrowany\u201d 1876, nr 9 s. 136-137Banzemer J., Wystawa przemys\u0142owa w pa\u0142acu Br\u00fchlowskim, \u201eTygodnik Illustrowany\u201d 1881, nr 280, s. 299-302B\u0105kowski K., Zamek krakowski: przewodnik do zwiedzania z dodatkiem wspomnie\u0144 historycznych z planami i ilustracjami, Krak\u00f3w 1905Benis A., Muzeum Przemys\u0142owe w Krakowie, Krak\u00f3w 1905Bie\u0144kowski A.,&hellip; <\/p>\n","protected":false},"author":1,"featured_media":0,"parent":70,"menu_order":0,"comment_status":"closed","ping_status":"closed","template":"","meta":{"footnotes":""},"class_list":["post-5903","page","type-page","status-publish","hentry"],"aioseo_notices":[],"_links":{"self":[{"href":"https:\/\/muzeumpamieci.umk.pl\/index.php?rest_route=\/wp\/v2\/pages\/5903","targetHints":{"allow":["GET"]}}],"collection":[{"href":"https:\/\/muzeumpamieci.umk.pl\/index.php?rest_route=\/wp\/v2\/pages"}],"about":[{"href":"https:\/\/muzeumpamieci.umk.pl\/index.php?rest_route=\/wp\/v2\/types\/page"}],"author":[{"embeddable":true,"href":"https:\/\/muzeumpamieci.umk.pl\/index.php?rest_route=\/wp\/v2\/users\/1"}],"replies":[{"embeddable":true,"href":"https:\/\/muzeumpamieci.umk.pl\/index.php?rest_route=%2Fwp%2Fv2%2Fcomments&post=5903"}],"version-history":[{"count":3,"href":"https:\/\/muzeumpamieci.umk.pl\/index.php?rest_route=\/wp\/v2\/pages\/5903\/revisions"}],"predecessor-version":[{"id":6371,"href":"https:\/\/muzeumpamieci.umk.pl\/index.php?rest_route=\/wp\/v2\/pages\/5903\/revisions\/6371"}],"up":[{"embeddable":true,"href":"https:\/\/muzeumpamieci.umk.pl\/index.php?rest_route=\/wp\/v2\/pages\/70"}],"wp:attachment":[{"href":"https:\/\/muzeumpamieci.umk.pl\/index.php?rest_route=%2Fwp%2Fv2%2Fmedia&parent=5903"}],"curies":[{"name":"wp","href":"https:\/\/api.w.org\/{rel}","templated":true}]}}