{"id":57,"date":"2016-10-02T01:32:17","date_gmt":"2016-10-01T23:32:17","guid":{"rendered":"http:\/\/muzeumpamieci.umk.pl\/?page_id=57"},"modified":"2018-12-16T22:50:03","modified_gmt":"2018-12-16T21:50:03","slug":"sympozja-naukowe","status":"publish","type":"page","link":"https:\/\/muzeumpamieci.umk.pl\/?page_id=57","title":{"rendered":"SYMPOZJA NAUKOWE"},"content":{"rendered":"<p>W ramach Projektu przewidziano organizacj\u0119 dw\u00f3ch sympozj\u00f3w naukowych, kt\u00f3re skoncentrowane b\u0119d\u0105 wok\u00f3\u0142 dw\u00f3ch g\u0142\u00f3wnych problem\u00f3w badawczych &#8211; muzeum jako miejsca kszta\u0142towania pami\u0119ci oraz muzeologii cyfrowej &#8211; muzeologii czerpi\u0105cej z dokona\u0144 humanistyki cyfrowej. Podsumowaniem Projektu b\u0119dzie natomiast <a href=\"http:\/\/muzeumpamieci.umk.pl\/?page_id=59\">konferencja mi\u0119dzynarodowa<\/a>.<br \/>\nZapraszamy do udzia\u0142u wszystkich zainteresowanych!<\/p>\n<p>I SYMPOZJUM NAUKOWE, 8-9\u00a0czerwca 2017 (czwartek-pi\u0105tek)<br \/>\n<strong><em><a href=\"http:\/\/muzeumpamieci.umk.pl\/?page_id=787\">Muzeum a pami\u0119\u0107 &#8211; forma, produkcja,\u00a0miejsce<\/a><br \/>\n<\/em><\/strong>Toru\u0144, Wydzia\u0142 Sztuk Pi\u0119knych, ul. Sienkiewicza 30\/32<br \/>\nSala Tymona<\/p>\n<p>II SYMPOZJUM NAUKOWE, 1-2 marca 2019 (pi\u0105tek-sobota)<br \/>\n<strong><em><a href=\"http:\/\/muzeumpamieci.umk.pl\/?page_id=2991\">Muzeum wobec humanistyki cyfrowej<\/a><br \/>\n<\/em><\/strong>Toru\u0144,\u00a0Wydzia\u0142 Sztuk Pi\u0119knych, ul. Sienkiewicza 30\/32<\/p>\n","protected":false},"excerpt":{"rendered":"<p>W ramach Projektu przewidziano organizacj\u0119 dw\u00f3ch sympozj\u00f3w naukowych, kt\u00f3re skoncentrowane b\u0119d\u0105 wok\u00f3\u0142 dw\u00f3ch g\u0142\u00f3wnych problem\u00f3w badawczych &#8211; muzeum jako miejsca kszta\u0142towania pami\u0119ci oraz muzeologii cyfrowej &#8211; muzeologii czerpi\u0105cej z dokona\u0144 humanistyki cyfrowej. Podsumowaniem Projektu b\u0119dzie natomiast konferencja mi\u0119dzynarodowa. Zapraszamy do udzia\u0142u wszystkich zainteresowanych! I SYMPOZJUM NAUKOWE, 8-9\u00a0czerwca 2017 (czwartek-pi\u0105tek) Muzeum a pami\u0119\u0107 &#8211; forma, produkcja,\u00a0miejsce&hellip; <\/p>\n","protected":false},"author":1,"featured_media":0,"parent":18,"menu_order":1,"comment_status":"closed","ping_status":"closed","template":"","meta":{"footnotes":""},"class_list":["post-57","page","type-page","status-publish","hentry"],"aioseo_notices":[],"_links":{"self":[{"href":"https:\/\/muzeumpamieci.umk.pl\/index.php?rest_route=\/wp\/v2\/pages\/57","targetHints":{"allow":["GET"]}}],"collection":[{"href":"https:\/\/muzeumpamieci.umk.pl\/index.php?rest_route=\/wp\/v2\/pages"}],"about":[{"href":"https:\/\/muzeumpamieci.umk.pl\/index.php?rest_route=\/wp\/v2\/types\/page"}],"author":[{"embeddable":true,"href":"https:\/\/muzeumpamieci.umk.pl\/index.php?rest_route=\/wp\/v2\/users\/1"}],"replies":[{"embeddable":true,"href":"https:\/\/muzeumpamieci.umk.pl\/index.php?rest_route=%2Fwp%2Fv2%2Fcomments&post=57"}],"version-history":[{"count":18,"href":"https:\/\/muzeumpamieci.umk.pl\/index.php?rest_route=\/wp\/v2\/pages\/57\/revisions"}],"predecessor-version":[{"id":3002,"href":"https:\/\/muzeumpamieci.umk.pl\/index.php?rest_route=\/wp\/v2\/pages\/57\/revisions\/3002"}],"up":[{"embeddable":true,"href":"https:\/\/muzeumpamieci.umk.pl\/index.php?rest_route=\/wp\/v2\/pages\/18"}],"wp:attachment":[{"href":"https:\/\/muzeumpamieci.umk.pl\/index.php?rest_route=%2Fwp%2Fv2%2Fmedia&parent=57"}],"curies":[{"name":"wp","href":"https:\/\/api.w.org\/{rel}","templated":true}]}}