{"id":1316,"date":"2018-02-21T08:20:55","date_gmt":"2018-02-21T07:20:55","guid":{"rendered":"http:\/\/muzeumpamieci.umk.pl\/?page_id=1316"},"modified":"2018-03-12T22:02:48","modified_gmt":"2018-03-12T21:02:48","slug":"katalogi-zbiorow-muzealnych-i-kolekcji-2","status":"publish","type":"page","link":"https:\/\/muzeumpamieci.umk.pl\/?page_id=1316","title":{"rendered":"KATALOGI ZBIOR\u00d3W MUZEALNYCH I KOLEKCJI"},"content":{"rendered":"<hr \/>\n<ul class=\"lcp_catlist\" id=\"lcp_instance_0\"><li><a href=\"https:\/\/muzeumpamieci.umk.pl\/?p=1599\">1781 &#8211; Musaeum Potocianum Wincentego Potockiego<\/a><\/li><li><a href=\"https:\/\/muzeumpamieci.umk.pl\/?p=1602\">1819 &#8211; Zbiory Kr\u00f3lewskiego Uniwersytetu Warszawskiego<\/a><\/li><li><a href=\"https:\/\/muzeumpamieci.umk.pl\/?p=3811\">1824 &#8211; Wiadomo\u015b\u0107 o archiwum krajow\u00e9m Kr\u00f3lestwa Polskiego<\/a><\/li><li><a href=\"https:\/\/muzeumpamieci.umk.pl\/?p=3815\">1825 &#8211; Przed\u0142u\u017cenie i uko\u0144czenie wiadomo\u015bci o archiwum krajow\u00e9m Kr\u00f3lestwa Polskiego<\/a><\/li><li><a href=\"https:\/\/muzeumpamieci.umk.pl\/?p=3820\">1828 &#8211; Poczet pami\u0105tek zachowanych w Domu Gotyckim w Pu\u0142awach<\/a><\/li><li><a href=\"https:\/\/muzeumpamieci.umk.pl\/?p=3852\">1859 &#8211; Spis zwi\u00e9rzokrzew\u00f3w i promieniak\u00f3w w Gabinecie Zoologicznym Okr\u0119gu Naukowego Warszawskiego&#8230;<\/a><\/li><li><a href=\"https:\/\/muzeumpamieci.umk.pl\/?p=3339\">1874 &#8211; Katalog Muzeum Sztuki i Umiej\u0119tno\u015bci Gassnera<\/a><\/li><li><a href=\"https:\/\/muzeumpamieci.umk.pl\/?p=4566\">1876 &#8211; Katalog broni w Muzeum im. Lubomirskich<\/a><\/li><li><a href=\"https:\/\/muzeumpamieci.umk.pl\/?p=3325\">1877 &#8211; Katalog Muzeum imienia Lubomirskich<\/a><\/li><li><a href=\"https:\/\/muzeumpamieci.umk.pl\/?p=3823\">1881 &#8211; Galerya obraz\u00f3w (&#8230;) w Muzeum imienia Miel\u017cy\u0144skich<\/a><\/li><li><a href=\"https:\/\/muzeumpamieci.umk.pl\/?p=5254\">1881 &#8211; Spis rzeczy skarbcowych wystawionych w Kapitularzu, Krak\u00f3w<\/a><\/li><li><a href=\"https:\/\/muzeumpamieci.umk.pl\/?p=3826\">1885 &#8211; Obrazy i rze\u017aby b\u0119d\u0105ce w\u0142asno\u015bci\u0105 Muzeum Narodowego<\/a><\/li><li><a href=\"https:\/\/muzeumpamieci.umk.pl\/?p=3332\">1886 &#8211; Obrazy i rze\u017aby b\u0119d\u0105ce w\u0142asno\u015bci\u0105 Muzeum Narodowego. Katalog tymczasowy.<\/a><\/li><li><a href=\"https:\/\/muzeumpamieci.umk.pl\/?p=3829\">1893 &#8211; Galerya obraz\u00f3w przy Muzeum Ks. Czartoryskich w Krakowie<\/a><\/li><li><a href=\"https:\/\/muzeumpamieci.umk.pl\/?p=3320\">1894 &#8211; Katalog zbior\u00f3w ko\u015bciuszkowskich znajduj\u0105cych si\u0119 w Muzeum Narodowem w Rapperswylu<\/a><\/li><li><a href=\"https:\/\/muzeumpamieci.umk.pl\/?p=3832\">1894 &#8211; Katalog zbior\u00f3w ko\u015bciuszkowskich znajduj\u0105cych si\u0119 w Muzeum Narodowem w Rapperswylu<\/a><\/li><li><a href=\"https:\/\/muzeumpamieci.umk.pl\/?p=3865\">1896 &#8211; Przewodnik po Muzeum im. Dzieduszyckich we Lwowie<\/a><\/li><li><a href=\"https:\/\/muzeumpamieci.umk.pl\/?p=3839\">1902 &#8211; Miniatury Muzeum Narodowego<\/a><\/li><li><a href=\"https:\/\/muzeumpamieci.umk.pl\/?p=3836\">1902 &#8211; Przewodnik po Muzeum hrabiego Emeryka Hutten-Czapskiego w Krakowie\ufeff<\/a><\/li><li><a href=\"https:\/\/muzeumpamieci.umk.pl\/?p=3855\">1902 &#8211; Trzeci ilustrowany katalog obraz\u00f3w i rze\u017ab XIX wieku<\/a><\/li><li><a href=\"https:\/\/muzeumpamieci.umk.pl\/?p=3868\">1905 &#8211; Dom i Muzeum Jana Matejki<\/a><\/li><li><a href=\"https:\/\/muzeumpamieci.umk.pl\/?p=3845\">1906 &#8211; Katalog r\u0119kopis\u00f3w Akademii Umiej\u0119tno\u015bci w Krakowie<\/a><\/li><li><a href=\"https:\/\/muzeumpamieci.umk.pl\/?p=3842\">1906 &#8211; Katalog zabytk\u00f3w XVIII w. Muzeum Narodowego w Krakowie<\/a><\/li><li><a href=\"https:\/\/muzeumpamieci.umk.pl\/?p=3876\">1906 &#8211; Przewodnik po dziale japo\u0144skim oddzia\u0142u Muzeum Narodowego, Krak\u00f3w<\/a><\/li><li><a href=\"https:\/\/muzeumpamieci.umk.pl\/?p=3316\">1907 &#8211; Katalog zbior\u00f3w etnograficznych, Muzeum Tatrza\u0144skie<\/a><\/li><li><a href=\"https:\/\/muzeumpamieci.umk.pl\/?p=3879\">1907 &#8211; Przewodnik po Muzeum Artystyczno-Przemys\u0142owem we Lwowie<\/a><\/li><li><a href=\"https:\/\/muzeumpamieci.umk.pl\/?p=3884\">1907 &#8211; Przewodnik po Muzeum im. Dzieduszyckich we Lwowie<\/a><\/li><li><a href=\"https:\/\/muzeumpamieci.umk.pl\/?p=3859\">1908 &#8211; Katalog Galeryi Miejskiej. Dzia\u0142 I, Starzy mistrze sztuki \u015bwiatowej i polskiej, Lw\u00f3w<\/a><\/li><li><a href=\"https:\/\/muzeumpamieci.umk.pl\/?p=3862\">1908 &#8211; Katalog Galeryi Miejskiej. Dzia\u0142 II, Sztuka polska od roku 1850, Lw\u00f3w<\/a><\/li><li><a href=\"https:\/\/muzeumpamieci.umk.pl\/?p=3891\">1908 &#8211; Muzeum Narodowe imienia Jana III<\/a><\/li><li><a href=\"https:\/\/muzeumpamieci.umk.pl\/?p=3912\">1909 &#8211; Muzeum Narodowe imienia Kr\u00f3la Jana III. Przewodnik tymczasowy<\/a><\/li><li><a href=\"https:\/\/muzeumpamieci.umk.pl\/?p=3906\">1909 &#8211; Przewodnik po Muzeum im. Ksi\u0105\u017c\u0105t Lubomirskich we Lwowie<\/a><\/li><li><a href=\"https:\/\/muzeumpamieci.umk.pl\/?p=3335\">1912 &#8211; Katalog Galeryi Obraz\u00f3w w Muzeum im. Miel\u017cy\u0144skich Towarzystwa Przyjaci\u00f3\u0142 Nauk w Poznaniu<\/a><\/li><li><a href=\"https:\/\/muzeumpamieci.umk.pl\/?p=3925\">1913 &#8211; Przewodnik po Muzeum Podolskiem T. S. L. w Tarnopolu<\/a><\/li><li><a href=\"https:\/\/muzeumpamieci.umk.pl\/?p=3921\">1913 &#8211; Przewodnik po Muzeum w Go\u0142uchowie<\/a><\/li><li><a href=\"https:\/\/muzeumpamieci.umk.pl\/?p=3848\">1914 &#8211; Galerja obraz\u00f3w : katalog tymczasowy<\/a><\/li><li><a href=\"https:\/\/muzeumpamieci.umk.pl\/?p=3931\">1914 &#8211; Przewodnik po Muzeum Towarzystwa Naukowego w P\u0142ocku<\/a><\/li><li><a href=\"https:\/\/muzeumpamieci.umk.pl\/?p=3208\">1914 &#8211; Regulamin Delegacyi Muzeolog\u00f3w Polskich<\/a><\/li><li><a href=\"https:\/\/muzeumpamieci.umk.pl\/?p=3328\">1916 &#8211; Katalog Galeryi Wsp\u00f3\u0142czesnej Muzeum Narodowego w Krakowie<\/a><\/li><li><a href=\"https:\/\/muzeumpamieci.umk.pl\/?p=3934\">1918 &#8211; Przechadzka w Muzeum Miel\u017cy\u0144skich<\/a><\/li><li><a href=\"https:\/\/muzeumpamieci.umk.pl\/?p=1605\">1939 &#8211; Warszawa, Muzeum Staro\u017cytno\u015bci \u017bydowskich Mathiasa Bersohna (1905)<\/a><\/li><\/ul>\n<hr \/>\n<p>&nbsp;<\/p>\n<p>&nbsp;<\/p>\n<p>&nbsp;<\/p>\n<p>&nbsp;<\/p>\n<p>&nbsp;<\/p>\n","protected":false},"excerpt":{"rendered":"<p>&nbsp; &nbsp; &nbsp; &nbsp; &nbsp;<\/p>\n","protected":false},"author":1,"featured_media":0,"parent":74,"menu_order":0,"comment_status":"closed","ping_status":"closed","template":"","meta":{"footnotes":""},"class_list":["post-1316","page","type-page","status-publish","hentry"],"aioseo_notices":[],"_links":{"self":[{"href":"https:\/\/muzeumpamieci.umk.pl\/index.php?rest_route=\/wp\/v2\/pages\/1316","targetHints":{"allow":["GET"]}}],"collection":[{"href":"https:\/\/muzeumpamieci.umk.pl\/index.php?rest_route=\/wp\/v2\/pages"}],"about":[{"href":"https:\/\/muzeumpamieci.umk.pl\/index.php?rest_route=\/wp\/v2\/types\/page"}],"author":[{"embeddable":true,"href":"https:\/\/muzeumpamieci.umk.pl\/index.php?rest_route=\/wp\/v2\/users\/1"}],"replies":[{"embeddable":true,"href":"https:\/\/muzeumpamieci.umk.pl\/index.php?rest_route=%2Fwp%2Fv2%2Fcomments&post=1316"}],"version-history":[{"count":7,"href":"https:\/\/muzeumpamieci.umk.pl\/index.php?rest_route=\/wp\/v2\/pages\/1316\/revisions"}],"predecessor-version":[{"id":1607,"href":"https:\/\/muzeumpamieci.umk.pl\/index.php?rest_route=\/wp\/v2\/pages\/1316\/revisions\/1607"}],"up":[{"embeddable":true,"href":"https:\/\/muzeumpamieci.umk.pl\/index.php?rest_route=\/wp\/v2\/pages\/74"}],"wp:attachment":[{"href":"https:\/\/muzeumpamieci.umk.pl\/index.php?rest_route=%2Fwp%2Fv2%2Fmedia&parent=1316"}],"curies":[{"name":"wp","href":"https:\/\/api.w.org\/{rel}","templated":true}]}}